{"id":9,"date":"2020-03-20T14:00:21","date_gmt":"2020-03-20T14:00:21","guid":{"rendered":"https:\/\/pkv-auskenner.de\/?page_id=9"},"modified":"2020-03-26T15:11:19","modified_gmt":"2020-03-26T15:11:19","slug":"ueber-uns","status":"publish","type":"page","link":"https:\/\/pkv-auskenner.de\/index.php\/ueber-uns\/","title":{"rendered":"Thomas J\u00e4nsch"},"content":{"rendered":"<p><!--StartFragment--><\/p>\n\n\n<p>Ich bin seit 1990 mit der Beratung zu und Vermittlung von privaten Krankenversicherungen besch\u00e4ftigt.  Die in Verbindung mit fortlaufender Weiterbildung daraus resultierende Erfahrung gebe ich gern bei der Auswahl der geeigneten privaten Krankenversicherung an Sie weiter. Gern berate ich Sie in Ihren oder meinenR\u00e4umen. Eine weitere M\u00f6glichkeit der umfassenden Information ist die Multimediaberatung. Sie ben\u00f6tigen lediglich Internet- und Telefonanschluss. Diesen Beratungsservice biete ich bundesweit an.<\/p>\n\n\n\n<p>Und so gehe ich vor, um Sie als Kunden gewinnen und eine langfristige Zusammenarbeit zu gew\u00e4hrleisten:<\/p>\n\n\n\n<ul class=\"wp-block-list\"><li>Bewertung Ihres bestehenden Versicherungsschutzes<\/li><li>Erfassung Ihrer Anforderung und W\u00fcnsche an zuk\u00fcnftigen Versicherungsschutz<\/li><li>Pr\u00fcfung Soll-Ist-Zustand<\/li><li>Erkl\u00e4rung der Qualit\u00e4tsanforderungen an eine PKV<\/li><li>Auswahl geeigneter Tarife entsprechend Ihrer Vorgaben<\/li><li>Umfassende Beratung und Erl\u00e4uterung der empfohlenen Tarife.<\/li><li>Kontinuierliche Begleitung im Versicherungsverh\u00e4ltnis<\/li><\/ul>\n\n\n<p><!--EndFragment--><\/p>\n\n\n<p><\/p>\n","protected":false},"excerpt":{"rendered":"<p>Ich bin seit 1990 mit der Beratung zu und Vermittlung von privaten Krankenversicherungen besch\u00e4ftigt. Die in Verbindung mit fortlaufender Weiterbildung daraus resultierende Erfahrung gebe ich gern bei der Auswahl der geeigneten privaten Krankenversicherung an Sie weiter. Gern berate ich Sie in Ihren oder meinenR\u00e4umen. Eine weitere M\u00f6glichkeit der umfassenden Information ist die Multimediaberatung. Sie ben\u00f6tigen &hellip; <\/p>\n<p class=\"link-more\"><a href=\"https:\/\/pkv-auskenner.de\/index.php\/ueber-uns\/\" class=\"more-link\"><span class=\"screen-reader-text\">\u201eThomas J\u00e4nsch\u201c <\/span>weiterlesen<\/a><\/p>\n","protected":false},"author":1,"featured_media":6,"parent":0,"menu_order":0,"comment_status":"closed","ping_status":"closed","template":"","meta":{"_glsr_average":0,"_glsr_ranking":0,"_glsr_reviews":0,"footnotes":""},"class_list":["post-9","page","type-page","status-publish","has-post-thumbnail","hentry"],"_links":{"self":[{"href":"https:\/\/pkv-auskenner.de\/index.php\/wp-json\/wp\/v2\/pages\/9","targetHints":{"allow":["GET"]}}],"collection":[{"href":"https:\/\/pkv-auskenner.de\/index.php\/wp-json\/wp\/v2\/pages"}],"about":[{"href":"https:\/\/pkv-auskenner.de\/index.php\/wp-json\/wp\/v2\/types\/page"}],"author":[{"embeddable":true,"href":"https:\/\/pkv-auskenner.de\/index.php\/wp-json\/wp\/v2\/users\/1"}],"replies":[{"embeddable":true,"href":"https:\/\/pkv-auskenner.de\/index.php\/wp-json\/wp\/v2\/comments?post=9"}],"version-history":[{"count":2,"href":"https:\/\/pkv-auskenner.de\/index.php\/wp-json\/wp\/v2\/pages\/9\/revisions"}],"predecessor-version":[{"id":64,"href":"https:\/\/pkv-auskenner.de\/index.php\/wp-json\/wp\/v2\/pages\/9\/revisions\/64"}],"wp:featuredmedia":[{"embeddable":true,"href":"https:\/\/pkv-auskenner.de\/index.php\/wp-json\/wp\/v2\/media\/6"}],"wp:attachment":[{"href":"https:\/\/pkv-auskenner.de\/index.php\/wp-json\/wp\/v2\/media?parent=9"}],"curies":[{"name":"wp","href":"https:\/\/api.w.org\/{rel}","templated":true}]}}